- (4 - 22)) + -1 + -2
4
What is the value of 4 + (6 - 16) + 9?
3
What is the value of 1 + -2 + 13 - 11?
1
(3 - 11) + (-1 - -5)
-4
What is the value of (23 - 8) + -10 - 5?
0
Calculate 6 - (8 + -3) - (8 + -15).
8
Calculate -1 + 1 + (1 - (-3 + 4)).
0
Evaluate (8 - 12) + -9 + 9.
-4
What is (-13 - -17) + (1 - 8) + 2?
-1
What is the value of 0 - 5 - 0 - 1 - -1?
-5
(-1 - (11 - 10)) + 0 + -2
-4
What is (-3 - -2) + 10 + -13?
-4
What is the value of 0 + 4 - (-20 + 5 - -23)?
-4
(1 - -2) + -3 - 0 - -4
4
Evaluate 5 + -14 + 13 + -3.
1
What is the value of 2 + 4 + -12 + 5?
-1
(3 - 1 - -4) + -3
3
Evaluate -3 + -1 + (-11 - -16).
1
Evaluate 9 - (11 + 3) - (-8 - -1).
2
-3 + 12 + -2 + -4
3
What is the value of -2 - (-9 - -4 - -5)?
-2
(2 - 2) + -100 + 92
-8
-1 - ((-2 - 1) + 5 + -7)
4
14 + (-11 - 3) + 6
6
What is -3 + 0 - (-3 + 3) - -4?
1
What is -5 + 3 + (2 - (4 - -1))?
-5
What is the value of (8 - 15 - 1) + 18 + -4?
6
(-11 + -1 - -7) + 7
2
4 + -1 + -2 - -1
2
(1 - 21) + 8 + 8
-4
What is the value of -3 - -2 - (-3 + -3)?
5
What is 1 - (4 - 0 - 3) - 4?
-4
Evaluate -61 + 62 + 0 + (4 - 0).
5
What is the value of 13 - 10 - (1 + (-2 - -12))?
-8
Evaluate 1 + -8 + 9 - 3.
-1
What is the value of -2 + 7 - (7 + -2)?
0
Evaluate (-5 - (0 + -1)) + 5.
1
Calculate (16 - (-2 - -9)) + -15.
-6
What is the value of -8 + (-2 - 3) + 10?
-3
What is -2 + (1 - 0) + (11 - 9)?
1
What is the value of -1 + (9 - 2) - 7?
-1
-3 - ((-10 - 3) + (-1 - -7))
4
Calculate -6 - (1 + 0 + -13).
6
What is 0 - (5 - (0 + 3) - -3)?
-5
0 - 4 - (12 - (0 - -11))
-5
5 + (-12 - 2) - -5
-4
(2 - 0) + -5 + -8 + 13
2
What is 3 + 1 + -2 + -2?
0
(-14 - (5 + -17)) + 8
6
What is the value of (-2 - 0) + (-1 - -8)?
5
Evaluate 2 + (-5 - (7 + -10)).
0
Calculate 16 + -24 - -15 - (0 + 5).
2
(-6 - (-6 - -4)) + 0
-4
(-13 - -5) + 5 - -4
1
What is 4 - (13 + -9 - -7)?
-7
Calculate 2 + -3 + 1 - (1 + -6).
5
Calculate 6 - -2 - 14 - 0.
-6
What is the value of -2 + -1 + (18 - 15)?
0
-4 - (1 + (4 - -3 - 5))
-7
What is the value of -6 + -3 - (16 + -21)?
-4
Evaluate 4 + -6 + (12 + -5 - -4).
9
What is -3 + 1 + -4 + 4?
-2
(3 - 2) + 4 + (20 - 25)
0
Calculate 2 + (-1 - (-6 - -14)) + 4.
-3
Evaluate 7 + (-15 - (7 + -20)).
5
0 - -2 - -3 - 0
5
-1 + 0 + 4 + -1
2
Calculate -3 - (-3 + 10 + -8).
-2
What is the value of (1 - 2 - 1 - 2) + 5?
1
What is the value of 2 + 3 + 1 - 13?
-7
Evaluate 7 + (3 - 14) + 6.
2
Calculate 13 - 8 - -1 - -3.
9
What is (-3 - -1) + -13 + 19?
4
What is the value of 9 + (5 - 2 - 8)?
4
What is (-24 - -30) + -5 + -1?
0
What is the value of -11 - (-6 - -1) - -4 - 5?
-7
(-11 + 18 - (0 + 1)) + -1
5
1 + 0 + (-10 - (-27 + 14))
4
What is -6 + (-3 - -5) + 4?
0
3 - (-5 + (10 - 7))
5
Calculate 5 + 0 + -3 + -7 + 2.
-3
Evaluate -4 + (0 - -1 - -2).
-1
Calculate 2 + -8 + 9 + -9.
-6
-3 + (1 - 0 - (4 + -6))
0
What is 4 + 3 + -3 + 3 + -3?
4
Evaluate -1 + (26 + -11 - 8).
6
Evaluate 3 + (-7 - -12 - (1 + 7)).
0
Evaluate 2 - -1 - ((0 - -7) + 0).
-4
What is -6 + (-2 - (-8 - 2))?
2
What is the value of 1 + (-5 - (-2 + -2))?
0
Evaluate 1 - 3 - 1 - (-7 - -4).
0
What is the value of -32 - -40 - (5 - 2)?
5
Evaluate -1 - (-6 - -5 - -4).
-4
Calculate 1 + 0 - (-1 + (-1 - -3)).
0
What is 129 + -133 + (1 - -9)?
6
What is the value of -7 + 5 - (-5 - -10 - -1)?
-8
Evaluate (0 - 2) + (-1 - (2 - 0)).
-5
Evaluate 4 - (3 - (0 - -2)).
3
Evaluate (-1 - 0) + 0 - -12.
11
Calculate (1 - 11) + (-83 - -93).
0
What is -3 + 1 + 2 + 5?
5
3 + -5 + (3 - 5 - -5)
1
What is -9 + -17 + 37 + 1 + -8?
4
What is 2 - (5 - (0 + -3 + 4))?
-2
-3 + 0 - -5 - -3
5
What is (8 - (8 - 4) - 6) + 6?
4
What is 10 + (-5 - 4 - 3)?
-2
Evaluate (-1 - (-2 - -1)) + 58 + -61.
-3
What is the value of -4 + (-5 + 10 - 0)?
1
What is 4 + -1 - (8 + 0)?
-5
Evaluate 0 - 0 - (-6 - -7).
-1
Evaluate -2 + -8 + 2 - (7 + -11).
-4
Calculate (-5 - -2) + 7 - (1 - 0).
3
Evaluate (3 - 1) + -2 + (3 - 2).
1
What is 1 + -4 + 0 - -4?
1
Evaluate (0 - 8) + (7 - 0).
-1
Evaluate (-2 + 0 - -3) + (-10 - -5).
-4
What is -10 - (-14 + -1 + 7)?
-2
(3 - (2 - -1)) + -7 + 11
4
What is the value of (1 - 3) + -10 + 0 + 9?
-3
Calculate -10 + 0 + -19 + 22.
-7
Evaluate 1 + 3 - -2 - (-2 + 3).
5
Calculate 1 + 5 - (35 + -32).
3
Calculate -2 - (-12 + -1 + (-6 - -11)).
6
Calculate (-1 - (-1 - -2)) + 1.
-1
Calculate -8 - (-8 - (-8 - -2)) - -13.
7
What is (4 - -2) + (-2 - -2) - 9?
-3
Calculate -3 + (1 - (2 + (-4 - -5))).
-5
What is the value of 4 + 2 + -3 + -4 - 1?
-2
Evaluate 2 - -3 - (11 + -5).
-1
3 + -2 - 2 - (2 - 2)
-1
What is the value of -1 + 12 + -5 - (0 - -2)?
4
0 + 1 - -1 - (-12 + 19)
-5
What is the value of -7 + (3 - (-5 - -4))?
-3
What is the value of (-8 - (2 - 14)) + -1?
3
What is (3 - (2 + 5)) + 7?
3
-6 - (7 + -23 + 5)
5
Evaluate -1 + 10 + (1 - 4).
6
Evaluate -4 + 2 + 0 + -3 + 4.
-1
What is the value of -3 - (-3 - (-6 + 2))?
-4
What is the value of -8 - (-7 - 14) - 9?
4
Evaluate (11 - 1 - (-5 + 10)) + -6.
-1
What is the value of -6 + 1 + 6 + 0?
1
What is (5 - (3 - (-1 + 2))) + -4?
-1
What is -4 + -1 + (0 - -4)?
-1
What is -1 + (0 - -5) - (0 + 2)?
2
Evaluate 0 + -9 + 8 + 2 + -8.
-7
Evaluate (-3 + 0 - -5) + (-8 - -2).
-4
Evaluate (4 - -13 - 11) + -3.
3
(-16 - -7) + 5 + 0
-4
Evaluate -4 - (-1 + 1 + -5 - -8).
-7
Evaluate -3 + 5 + 2 + 0 + 2.
6
Evaluate (-1 - 0 - 0) + (4 - 1).
2
12 + -1 - (2 + 5)
4
What is (4 - (-1 - -5)) + 3 + -5?
-2
Calculate (-12 + 4 - -9) + (2 - 1).
2
What is the value of -16 + (8 - (0 - 1))?
-7
-12 + 7 + 3 + 4
2
Evaluate (-19 - -37) + (-7 - 3).
8
What is the value of -3 + -9 - (0 - 16)?
4
Calculate 0 + (5 - 5) - (3 - 0).
-3
Evaluate -6 - (8 + 0 + -10).
-4
Evaluate (-5 + -1 - (-28 - -12)) + -4.
6
What is 1 - (-1 + -4 + 7)?
-1
Evaluate 0 - (4 - ((-3 - -2) + 5)).
0
2 - (0 - 0) - (1 - -1)
0
What is the value of (2 + -1 + 1 - -3) + 0?
5
What is -3 + 2 + 2 + 2?
3
Calculate -73 - -87 - (-1 - -24).
-9
What is -4 - (-5 + (-2 + 4 - 4))?
3
-6 + (0 - (-13 + 3))
4
Calculate (-311 - -308) + (1 - 1 - 2).
-5
Evaluate -4 - (0 + 2 - 5).
-1
Evaluate -8 + (6 + -5 - -5).
-2
What is -2 + (0 - -2) + (4 - -2)?
6
Calculate 2 + (4 - 5) + 0.
1
11 + -5 + -6 + (-2 - -3)
1
Evaluate 4 - (-1 - (3 + -3)).
5
What is the value of (4 - 10) + 7 + -6 + 13?
8
-14 + 0 + 0 - -7
-7
What is the value of 1 - 4 - (-19 + 5 + 4)?
7
-5 - (4 - (-1 - -14)) - 2
2
What is the value of 0 + (2 - 5) + 8?
5
What is the value of 168 + -163 - (0 + 0 + 1)?
4
What is the value of -1 - (1 - (3 + -1)) - 4?
-4
Calculate (-8 - -2) + (5 - 7) + 5.
-3
What is the value of -10 + 0 + 3 + (-5 - -6)?
-6
Evaluate 1 - (5 + (2 - 1)).
-5
What is (-11 - -12) + (-1 - (1 - 2))?
1
What is 6 + -1 - (-8 - -9)?
4
Calculate (1 - -1) + (4 - (6 + -3)).
3
(8 - (-1 - -5)) + 0
4
Calculate 0 + 6 + 53 + -62.
-3
Evaluate -6 - (-2 + 4 + -3) - -6.
1
Calculate 0 + (-4 - -6) + 0.
2
What is the value of -13 - (-6 - 8 - -4)?
-3
Evaluate -6 + -2 + (0 - (-4 + -4)).
0
-9 - (-2 + -3 + -3)
-1
Evaluate 1 + -2 + (-7 - -11) + 0.
3
Evaluate 4 - (1 + 3) - 6 - -2.
-4
Evaluate 3 + -9 + 6 + -4.
-4
2 - (3 + -5 + 0)
4
Calculate (-41 - -45) + 0 + 1.
5
Evaluate 5 - (6 + 3 + -2).
-2
Evaluate -3 + -6 + 6 + (6 - 1).
2
What is the value of 9 + -6 + (-4 - -3)?
2
Calculate (1 - 0 - 9) + (-3 - -7).
-4
Evaluate -69 + 72 + 0 + 0 + -1.
2
Evaluate 8 + 2 + -2 + -1 - 11.
-4
-1 - 4 - (19 - 24 - -9)
-9
What is the value of 29 - 18 - (1 - -10)?
0
Evaluate -2 + 8 + -1 - 6.
-1
Calculate (4 - -1 - 7) + -1 + 6.
3
Evaluate 5 + (7 - (-13 - -18)).
7
Evaluate -6 + (0 - (-3 + 0)).
-3
Calculate 0 + 3 + -2 + -5 + 0.
-4
What is the value of 1 - (1 + -1) - (25 + -30)?
6
Evaluate (5 + -11 - 3) + 3.
-6
What is (-1 - -1) + -1 + 13 + -12?
0
-58 + 54 - (1 - 1)
-4
Calculate (3 - 13) + 4 - -1.
-5
Calculate 33 + -28 + -2 + -1.
2
Calculate -3 - (-3 - ((-10 - -5) + 0)).
-5
Calculate (15 - 9) + -21 + 12.
-3
Evaluate 0 - ((4 - 1) + (3 - 6)).
0
Evaluate 0 + (-8 - -5 - 0).
-3
Calculate (3 - -2) + (5 - 11).
-1
What is 2 + (2 - 3) + 4?
5
Calculate (-4 - -3) + -2 + -1.
-4
Evaluate (-6 - (3 + -6)) + -6 + 6.
-3
1 + 8 - (10 + -1)
0
Evaluate 8 + -4 + -3 + 0 + 0.
1
What is (-5 + 4 - 2) + 1?
-2
-1 + -3 - ((5 - 0) + -2)
-7
6 + -2 + -8 + (4 - 3)
-3
What is 2 - (14 + -8 + -1)?
-3
What is 14 + -12 + (8 - 1)?
9
4 - (36 - 31 - (3 + -1))
1
What is the value of 51 + -58 + 0 + 1?
-6
Calculate 4 + 2 - (10 - 11).
7
Calculate 4 - (-6 + 16 + -1).
-5
Evaluate 5 - ((1 - 2) + 6 + -4).
4
Evaluate 